pose -42 = -8*h + h. Suppose -h*l - 4 = -5*l. Give x(l).
-14
Let h(k) be the first derivative of k**5/20 + k**4/4 + k**3/3 + 5*k**2/2 - 168*k - 17. Let p(j) be the first derivative of h(j). What is p(-4)?
-19
Let t(x) = -92*x + 29. Let v(q) = -56*q + 30. Let j(g) = 2*t(g) - 3*v(g). What is j(-4)?
32
Let a(m) = 2*m**2 + 3. Suppose -2 - 3 = 2*i - 5*g, 4*i - g = 35. Suppose -4*t = -5*u + u + 4, 5*t - i = 0. Calculate a(u).
21
Let d be (-2)/(-11) - 80/(-44). Let a(h) = h + 12*h**2 + 13 - 13*h**d - 17 + h**3. Calculate a(0).
-4
Let h(c) = 5*c**2 + 7 - 23*c**2 + 17*c**2 + c + 0*c**2. Give h(-2).
1
Let t(u) = -5*u - 4. Suppose 0 = z + 25*o - 21*o + 24, z = -3*o - 17. Determine t(z).
-24
Let x be (-39)/(-234) + 866/24*-2. Let d = x + 78. Let w(n) = n**2 - 6*n - 8. Calculate w(d).
-8
Let o(s) = s**3 - 5*s**2 - 4*s - 7. Let q be o(6). Suppose -20 = q*g, -m - 11 = -3*g + 6*g. Let b(i) = -5*i**3 + 2*i - 1. Determine b(m).
-4
Let x be 32/(-24) + (-28)/(-12). Let l(d) = 0 + x + 2 + 4*d + 2*d. Let c = 3 - 5. Calculate l(c).
-9
Let j(y) = -y. Let b be j(5). Let l be 12 + 1 + (-49 - -46). Let i(k) = -7 + 32 - 11 + 2*k - l. Calculate i(b).
-6
Let h = -86 - -82. Let s = -47 - h. Let m = s - -36. Let u(i) = i + 9. Give u(m).
2
Let c(w) = 14*w**2 + w + 1. Suppose 2*f + 18 + 18 = 5*y, 3*f = 2*y - 32. Let o be 40/(f - 0) - -4. Calculate c(o).
14
Let w(g) = -11*g**3 - 21*g**2 + 11*g - 6. Let q(k) = 9*k**3 + 20*k**2 - 11*k + 8. Let m(l) = -6*q(l) - 5*w(l). Calculate m(14).
-60
Let i be 40 + (-1105)/26 - (-9)/2. Let h(v) = -14*v + 5. Let n(s) = 29*s - 9. Let q(p) = -5*h(p) - 3*n(p). Determine q(i).
-32
Suppose 4*n - k = -20, -2*k + 0*k = -4*n - 16. Let a(w) = w**3 + 5*w**2 - 8*w - 12. Give a(n).
0
Let a(i) be the first derivative of i**2/2 - 7*i - 2. Suppose -784*d = -779*d - 40. Determine a(d).
1
Let u(h) be the second derivative of 7*h**3/6 - 210*h**2 + 34*h + 31. What is u(59)?
-7
Let c(w) = 27*w - 249. Let i(z) = 7*z**2 + 134*z + 153. Let g be i(-18). Give c(g).
-6
Suppose 4*b - 3*b = 3. Suppose -b*m = -3 - 3. Let w(g) = 42*g - 43*g - 20 + 22. Calculate w(m).
0
Let v(x) = -3*x**2 + 23*x - 34. Let g(n) = -462*n + 3240. Let u be g(7). Determine v(u).
-4
Let s(j) = 4*j + 8. Suppose -3*w - 50 = -5*o, -24 = -3*o - 11*w + 14*w. Suppose 33 - 11 = -5*y + 2*q, 2*y - 5*q = -o. What is s(y)?
-8
Let r(c) = -3*c**2 - 18*c + 21. Let g(s) = 7*s**2 + 36*s - 41. Let o(q) = -2*g(q) - 5*r(q). Suppose -6*i + 2318 = -71*i - 57*i. Give o(i).
-4
Let d(z) = -z**2 + 4*z - 3. Suppose 2*k + 2*k - 40 = 0. Let t(m) = 12*m - k*m - 10 - 10*m - m**2. Let a be t(-5). What is d(a)?
-8
Let x(o) = -3*o + 6. Suppose -66 = -2*g - a + 3*a, -g = 3*a - 37. Suppose -6*f = -23*f + g. Suppose -r + 15 = f*r. Give x(r).
-9
Let b(n) = -9*n**2 - 25*n + 1. Let z(i) = -22*i**2 - 3 + 38*i + 71*i**2 - 35*i**2. Let y(j) = 8*b(j) + 5*z(j). Give y(-6).
-19
Let j(y) = -y**2 - 8*y - 2. Let v be j(-3). Let t(x) be the first derivative of x**2 + 271*x + v - 1 - 267*x. What is t(-6)?
-8
Suppose 27*o = 2*o + 775. Suppose 5*j = 3*f + 9, -4*j - 36*f = -o*f + 15. Let v(y) = -y - 5. Let m(r) = 1. Let l(s) = m(s) + v(s). Determine l(j).
-4
Let z(w) = 3*w - 227 - 219 + 450 + 4*w**2 + 7*w**2. Determine z(1).
18
Let n(i) = -4*i**2 - 2*i + 1. Suppose 23 + 27 = -2*d. Let j(u) = 4*u + 101. Let l be j(d). Calculate n(l).
-5
Let r(p) = p**2 - 3*p. Let h be r(0). Suppose 5*c - 5*j = 60, h = 4*c - 0*c + j - 23. Let w(l) = -l**3 + 6*l**2 + 5*l. Determine w(c).
-14
Suppose -706 = -25*i - 306. Let h(l) = -l**2 + 19*l - 50. Determine h(i).
-2
Let r(f) = -7*f**3 + 0*f**2 + 18*f**2 + 1 - 23*f**2 - 4*f + 8*f**2. Let m(d) = 15*d**3 - 5*d**2 + 7*d - 1. Let y(s) = 6*m(s) + 13*r(s). Determine y(8).
-9
Suppose 2*w = 14*w - 850 + 790. Let t(u) = 16*u - 31. Calculate t(w).
49
Let b(g) = g**2 - 5*g - 61. Let h be b(11). Let m(v) = v**2 + v + 3. Let d be m(0). Let q(l) = 4 + d - 1 - l**2 + 0. Calculate q(h).
-19
Let d(g) = -167*g - 509. Let r(i) = -1506*i - 4588. Let y(z) = 26*d(z) - 3*r(z). Determine y(-3).
2
Let n(l) be the third derivative of 0 + 0*l + l**3 - 12*l**2 + 1/8*l**4. Let k be (-62)/10 + 2/10. Calculate n(k).
-12
Let p(z) = -13*z - 12. Suppose -3*m - m + 140 = 120. Determine p(m).
-77
Suppose 7 = q + 3*n, 7*n - 4 = -2*q + 11*n. Suppose 2*k + 11 = -3*v, q*k = 8*v - 6*v + 18. Let x(f) = -3*f. Give x(k).
-6
Let b(o) = -2*o**2 + 15*o - 8. Let v be (-1840)/(-176) - 60/132. What is b(v)?
-58
Let j(g) = 16*g + 118. Let n be j(-7). Let r(x) = -7*x**2 + 8*x + 7. Let v(t) = 6*t + 10*t + 15 - t**2 - 14*t**2. Let z(u) = n*v(u) - 13*r(u). Determine z(6).
-13
Let g = 165 - 162. Suppose -96 = -g*c - 120. Let k(x) = x**2 + 8*x - 5. What is k(c)?
-5
Suppose 0 = -123*l - 691 + 76. Let p(i) = i**3 + 4*i**2 - 8*i + 9. Calculate p(l).
24
Let r be 11/(-4)*((-2 - 11) + 1). Suppose z + n = -8, -4*z - 2*n - r = 3*n. Let s(b) = -1 - 12*b + 3 + 13*b. What is s(z)?
-5
Suppose -3*h = -2*m + 6, 5*h = 3*m + 32 - 41. Suppose -q + 0*q - 2*y + 6 = 0, h = -4*q - 4*y + 20. Let n(w) = 3 - 2 - w**2 + 3 + w. Give n(q).
-8
Let u(l) = -l**3 + 6*l**2. Suppose -m - 3*a - 125 + 30 = 0, 0 = 5*m + 4*a + 453. Let i(r) = 14*r + 1. Let q be i(-6). Let s = q - m. Determine u(s).
0
Let k be 112/21*(14/4 + -2). Let u(g) = -3*g - 27. Let o(j) be the third derivative of j**4/24 + 3*j**3/2 + 2*j**2. Let c(q) = k*o(q) + 3*u(q). Calculate c(-6).
-3
Let j(c) be the third derivative of c**5/60 + c**4/24 - 35*c**3/6 + 16*c**2 + c + 81. Calculate j(-10).
55
Let w = -352 + 354. Let b be 2/(-4)*3*w. Let o(x) = x. What is o(b)?
-3
Let h(z) = -z**3 + 19*z**2 - 76*z - 19. Suppose 5*q - 2*s + 38 = 7*q, q + 4*s - 37 = 0. What is h(q)?
7
Let x(r) be the second derivative of r**5/20 - r**4/2 - 7*r**3/6 - 7*r**2/2 + 2799*r. Let s(n) = n + 8. Let q be s(-4). Let o be 14/q*1*2. Calculate x(o).
-7
Let k(n) = 199*n + 18. Let z(q) = 332*q + 29. Let s(o) = 5*k(o) - 3*z(o). Suppose -5*f + 4*w - 1 = 0, 0*w - 3*w + 12 = 0. What is s(f)?
0
Suppose 0 = -3*p - 9, -4*w + 3614 = -4*p + 3478. Let q(o) = -o**3 + 32*o**2 - 30*o - 46. What is q(w)?
-15
Let g(h) = 17*h + 23. Let q be g(-1). Let d(o) = -3*o**2 + 14*o**2 - 12 + 15*o + o**3 - q*o. What is d(-10)?
-2
Suppose 5*y + 6 - 11 = 0. Suppose -y + 33 = 4*o. Let h(a) = -2*a**2 - 10*a + 14. Let j(t) = 3*t**2 + 20*t - 27. Let w(i) = 5*h(i) + 3*j(i). Give w(o).
5
Let a(o) be the first derivative of o**5/60 - o**4/6 - 148*o**3/3 + 164. Let h(t) be the third derivative of a(t). Determine h(-5).
-14
Let y(x) be the second derivative of 11*x**8/3360 + x**7/1260 - x**5/120 + 47*x**4/6 - 3*x + 1. Let z(a) be the third derivative of y(a). Calculate z(-1).
-21
Let o(j) be the first derivative of -3/2*j**2 - 66 - 11*j. Determine o(-9).
16
Suppose 62*p = -575 + 327. Let x(u) = -9*u - 42. Determine x(p).
-6
Let s(d) = 5*d**2 - d - 1. Let t = 38 - 36. Let o be (16/(-6) + t)*12/8. What is s(o)?
5
Let h = 38013 + -38006. Let u(y) = -93*y + 659. What is u(h)?
8
Let o be (38/(-114))/(11/132). Let c(v) = -v**3 - 3*v + 8. Give c(o).
84
Let x be (-9)/3 + -1 + -2. Let o be x/3 + 0/(-4). Let l(p) be the first derivative of p**4/4 + 2*p**3/3 + 2*p**2 + 2*p - 38. Determine l(o).
-6
Let y be 0 + (-12)/(-4) - 1. Suppose -4*n = 3 - 19. Let k(o) = 35*o**3 - 3*o - 65*o**3 + n*o**y + 7 + 31*o**3. Give k(-5).
-3
Let h(i) be the second derivative of 0 - 3/2*i**2 - 1/20*i**5 + 1/2*i**4 - 5/6*i**3 - 8*i. Suppose -5*f = 9 - 29. What is h(f)?
9
Let w(g) = 3*g - 1. Let o be -12 + -1*(119/(-7) + 8). Determine w(o).
-10
Let t(x) = 15*x + 1. Let o(k) = 11*k + 12. Let a(h) = o(h) - t(h). Calculate a(3).
-1
Let b(r) be the first derivative of 9*r - 4*r**2 + 1/3*r**3 + 105. Give b(6).
-3
Let d(k) = -5*k**2 + 8*k - 21. Let j(z) = 4*z**2 - 8*z + 18. Let i(u) = 5*d(u) + 6*j(u). Determine i(-12).
-45
Let l(d) be the third derivative of d**5/60 - 9*d**4/8 - 127*d**3/6 + 3*d**2 - 2*d + 119. Calculate l(31).
-3
Let l = -447 - -434. Let x(n) = -17*n - 228. Determine x(l).
-7
Let w(y) = 2*y**2 + 6*y + 2. Let n(g) = -g**3 + 2*g**2 - 24*g - 19. Let i(v) = n(v) + 3*w(v). Give i(7).
-6
Let s(y) be the second derivative of y**4/12 - 3*y**3/2 + 14*y**2 + 2736*y. What is s(3)?
10
Let d(h) = 680*h - 9518. Let j be d(14). Let l(r) be the first derivative of 0*r + 1/2*r**j + 6. What is l(6)?
6
Suppose -5*b - 7 = h - 2*b, 2*h - 5*b = -